{"id":9,"date":"2023-04-11T19:47:50","date_gmt":"2023-04-11T17:47:50","guid":{"rendered":"http:\/\/www.la-avocat.fr\/?page_id=9"},"modified":"2023-10-12T23:09:00","modified_gmt":"2023-10-12T21:09:00","slug":"contact","status":"publish","type":"page","link":"https:\/\/www.la-avocat.fr\/index.php\/contact\/","title":{"rendered":"Contact"},"content":{"rendered":"\n<p class=\"has-text-align-center\">Nous vous recevons sur rendez-vous au 3 Esplanade de la R\u00e9publique 21300 Chen\u00f4ve<\/p>\n\n\n\n<p class=\"has-text-align-center\">Pour nous contacter : abramowitch@la-avocat.fr<\/p>\n\n\n\n<p class=\"has-text-align-center\">En partenariat avec <a rel=\"noreferrer noopener\" href=\"https:\/\/annabelbenhaim.com\/fr\/\" data-type=\"URL\" data-id=\"https:\/\/annabelbenhaim.com\/fr\/\" target=\"_blank\">Me Annabel Benha\u00efm<\/a>, avocate aux barreaux de Paris et de New-York, nous vous recevons \u00e9galement au 52 rue des Dames 75017 Paris<\/p>\n","protected":false},"excerpt":{"rendered":"<p>Nous vous recevons sur rendez-vous au 3 Esplanade de la R\u00e9publique 21300 Chen\u00f4ve Pour nous contacter : abramowitch@la-avocat.fr En partenariat avec Me Annabel Benha\u00efm, avocate aux barreaux de Paris et de New-York, nous vous recevons \u00e9galement au 52 rue des Dames 75017 Paris<\/p>\n","protected":false},"author":1,"featured_media":0,"parent":0,"menu_order":0,"comment_status":"closed","ping_status":"closed","template":"","meta":{"footnotes":""},"class_list":["post-9","page","type-page","status-publish","hentry"],"_links":{"self":[{"href":"https:\/\/www.la-avocat.fr\/index.php\/wp-json\/wp\/v2\/pages\/9","targetHints":{"allow":["GET"]}}],"collection":[{"href":"https:\/\/www.la-avocat.fr\/index.php\/wp-json\/wp\/v2\/pages"}],"about":[{"href":"https:\/\/www.la-avocat.fr\/index.php\/wp-json\/wp\/v2\/types\/page"}],"author":[{"embeddable":true,"href":"https:\/\/www.la-avocat.fr\/index.php\/wp-json\/wp\/v2\/users\/1"}],"replies":[{"embeddable":true,"href":"https:\/\/www.la-avocat.fr\/index.php\/wp-json\/wp\/v2\/comments?post=9"}],"version-history":[{"count":7,"href":"https:\/\/www.la-avocat.fr\/index.php\/wp-json\/wp\/v2\/pages\/9\/revisions"}],"predecessor-version":[{"id":145,"href":"https:\/\/www.la-avocat.fr\/index.php\/wp-json\/wp\/v2\/pages\/9\/revisions\/145"}],"wp:attachment":[{"href":"https:\/\/www.la-avocat.fr\/index.php\/wp-json\/wp\/v2\/media?parent=9"}],"curies":[{"name":"wp","href":"https:\/\/api.w.org\/{rel}","templated":true}]}}