{"id":119,"date":"2023-10-12T14:56:32","date_gmt":"2023-10-12T12:56:32","guid":{"rendered":"http:\/\/www.la-avocat.fr\/?page_id=119"},"modified":"2023-10-19T16:21:52","modified_gmt":"2023-10-19T14:21:52","slug":"actualites","status":"publish","type":"page","link":"https:\/\/www.la-avocat.fr\/index.php\/actualites\/","title":{"rendered":"Actualit\u00e9s"},"content":{"rendered":"\n<p class=\"has-text-align-center\"><strong>RESPONSABILITES ET ECONOMIE CIRCULAIRE DANS UN PROJET SCENOGRAPHIQUE<\/strong><\/p>\n\n\n\n<p>Le 25 septembre 2023, Laure Abramowitch a eu le plaisir d&rsquo;intervenir au 2\u00e8me atelier organis\u00e9 par l&rsquo;<a href=\"https:\/\/augures-lab-scenogrrrraphie.notion.site\/Pr-sentation-5f47d3a0594c48d1aec4e838d850edeb\">Augures Lab Sc\u00e9nogrrrraphie<\/a> et <a href=\"https:\/\/www.theatredelaquarium.net\/presentation\/la-vie-breve-au-theatre-de-l-aquarium\">La vie br\u00e8ve &#8211; Th\u00e9\u00e2tre de l&rsquo;Aquarium<\/a> sur la probl\u00e9matique des&nbsp;responsabilit\u00e9s li\u00e9es \u00e0 l\u2019int\u00e9gration d\u2019\u00e9l\u00e9ments et de mat\u00e9riaux en \u00e9conomie circulaire dans un projet sc\u00e9nographique.<\/p>\n\n\n\n<p>Apr\u00e8s plusieurs mois de travail collaboratif, sur ces sujets complexes et en pleine mutation, nous avons pr\u00e9sent\u00e9 les premiers r\u00e9sultats de nos r\u00e9flexions, avec Quentin Rioual, metteur en sc\u00e8ne, Olivia Berthon, sc\u00e9nographe et co-fondatrice du <a href=\"https:\/\/www.studiovaste.com\/\">studio vaste<\/a> et du collectif les Rad!cales, Sylvie B\u00e9tard, \u00e9co-conseill\u00e8re et formatrice en \u00e9conomie circulaire et transition \u00e9cologique, co-fondatrice de l&rsquo;Augures Lab Sc\u00e9nogrrrraphie, Yann Domenge, Directeur g\u00e9n\u00e9ral d\u2019<a href=\"https:\/\/www.artstockasso.fr\/\">Artstock<\/a>, et Ga\u00eblle Kikteff, consultante et formatrice en \u00e9conomie circulaire et design.<\/p>\n\n\n\n<p>\u00a9 Photos B\u00e9ryl Libault pour Les Augures<\/p>\n\n\n\n<figure class=\"wp-block-gallery has-nested-images columns-default is-cropped wp-block-gallery-1 is-layout-flex wp-block-gallery-is-layout-flex\">\n<figure class=\"wp-block-image size-large\"><img loading=\"lazy\" decoding=\"async\" width=\"1024\" height=\"683\" data-id=\"146\" src=\"http:\/\/www.la-avocat.fr\/wp-content\/uploads\/2023\/10\/DSC_9163-BD\u00a9-Beryl-Libault-Augures-Lab-Scenogrrrraphie-1024x683.jpg\" alt=\"\" class=\"wp-image-146\" srcset=\"https:\/\/www.la-avocat.fr\/wp-content\/uploads\/2023\/10\/DSC_9163-BD\u00a9-Beryl-Libault-Augures-Lab-Scenogrrrraphie-1024x683.jpg 1024w, https:\/\/www.la-avocat.fr\/wp-content\/uploads\/2023\/10\/DSC_9163-BD\u00a9-Beryl-Libault-Augures-Lab-Scenogrrrraphie-300x200.jpg 300w, https:\/\/www.la-avocat.fr\/wp-content\/uploads\/2023\/10\/DSC_9163-BD\u00a9-Beryl-Libault-Augures-Lab-Scenogrrrraphie-768x512.jpg 768w, https:\/\/www.la-avocat.fr\/wp-content\/uploads\/2023\/10\/DSC_9163-BD\u00a9-Beryl-Libault-Augures-Lab-Scenogrrrraphie-1536x1024.jpg 1536w, https:\/\/www.la-avocat.fr\/wp-content\/uploads\/2023\/10\/DSC_9163-BD\u00a9-Beryl-Libault-Augures-Lab-Scenogrrrraphie-2048x1365.jpg 2048w, https:\/\/www.la-avocat.fr\/wp-content\/uploads\/2023\/10\/DSC_9163-BD\u00a9-Beryl-Libault-Augures-Lab-Scenogrrrraphie-1200x800.jpg 1200w, https:\/\/www.la-avocat.fr\/wp-content\/uploads\/2023\/10\/DSC_9163-BD\u00a9-Beryl-Libault-Augures-Lab-Scenogrrrraphie-1980x1320.jpg 1980w\" sizes=\"auto, (max-width: 1024px) 100vw, 1024px\" \/><\/figure>\n<\/figure>\n\n\n\n<figure class=\"wp-block-gallery has-nested-images columns-default is-cropped wp-block-gallery-2 is-layout-flex wp-block-gallery-is-layout-flex\">\n<figure class=\"wp-block-image size-large\"><img loading=\"lazy\" decoding=\"async\" width=\"1024\" height=\"683\" data-id=\"149\" src=\"http:\/\/www.la-avocat.fr\/wp-content\/uploads\/2023\/10\/DSC_8520-BD\u00a9-Beryl-Libault-Augures-Lab-Scenogrrrraphie-1024x683.jpg\" alt=\"\" class=\"wp-image-149\" srcset=\"https:\/\/www.la-avocat.fr\/wp-content\/uploads\/2023\/10\/DSC_8520-BD\u00a9-Beryl-Libault-Augures-Lab-Scenogrrrraphie-1024x683.jpg 1024w, https:\/\/www.la-avocat.fr\/wp-content\/uploads\/2023\/10\/DSC_8520-BD\u00a9-Beryl-Libault-Augures-Lab-Scenogrrrraphie-300x200.jpg 300w, https:\/\/www.la-avocat.fr\/wp-content\/uploads\/2023\/10\/DSC_8520-BD\u00a9-Beryl-Libault-Augures-Lab-Scenogrrrraphie-768x512.jpg 768w, https:\/\/www.la-avocat.fr\/wp-content\/uploads\/2023\/10\/DSC_8520-BD\u00a9-Beryl-Libault-Augures-Lab-Scenogrrrraphie-1536x1024.jpg 1536w, https:\/\/www.la-avocat.fr\/wp-content\/uploads\/2023\/10\/DSC_8520-BD\u00a9-Beryl-Libault-Augures-Lab-Scenogrrrraphie-2048x1365.jpg 2048w, https:\/\/www.la-avocat.fr\/wp-content\/uploads\/2023\/10\/DSC_8520-BD\u00a9-Beryl-Libault-Augures-Lab-Scenogrrrraphie-1200x800.jpg 1200w, https:\/\/www.la-avocat.fr\/wp-content\/uploads\/2023\/10\/DSC_8520-BD\u00a9-Beryl-Libault-Augures-Lab-Scenogrrrraphie-1980x1320.jpg 1980w\" sizes=\"auto, (max-width: 1024px) 100vw, 1024px\" \/><\/figure>\n<\/figure>\n","protected":false},"excerpt":{"rendered":"<p>RESPONSABILITES ET ECONOMIE CIRCULAIRE DANS UN PROJET SCENOGRAPHIQUE Le 25 septembre 2023, Laure Abramowitch a eu le plaisir d&rsquo;intervenir au 2\u00e8me atelier organis\u00e9 par l&rsquo;Augures Lab Sc\u00e9nogrrrraphie et La vie br\u00e8ve &#8211; Th\u00e9\u00e2tre de l&rsquo;Aquarium sur la probl\u00e9matique des&nbsp;responsabilit\u00e9s li\u00e9es \u00e0 l\u2019int\u00e9gration d\u2019\u00e9l\u00e9ments et de mat\u00e9riaux en \u00e9conomie circulaire dans un projet sc\u00e9nographique. Apr\u00e8s plusieurs [&hellip;]<\/p>\n","protected":false},"author":1,"featured_media":0,"parent":0,"menu_order":0,"comment_status":"closed","ping_status":"closed","template":"","meta":{"footnotes":""},"class_list":["post-119","page","type-page","status-publish","hentry"],"_links":{"self":[{"href":"https:\/\/www.la-avocat.fr\/index.php\/wp-json\/wp\/v2\/pages\/119","targetHints":{"allow":["GET"]}}],"collection":[{"href":"https:\/\/www.la-avocat.fr\/index.php\/wp-json\/wp\/v2\/pages"}],"about":[{"href":"https:\/\/www.la-avocat.fr\/index.php\/wp-json\/wp\/v2\/types\/page"}],"author":[{"embeddable":true,"href":"https:\/\/www.la-avocat.fr\/index.php\/wp-json\/wp\/v2\/users\/1"}],"replies":[{"embeddable":true,"href":"https:\/\/www.la-avocat.fr\/index.php\/wp-json\/wp\/v2\/comments?post=119"}],"version-history":[{"count":7,"href":"https:\/\/www.la-avocat.fr\/index.php\/wp-json\/wp\/v2\/pages\/119\/revisions"}],"predecessor-version":[{"id":151,"href":"https:\/\/www.la-avocat.fr\/index.php\/wp-json\/wp\/v2\/pages\/119\/revisions\/151"}],"wp:attachment":[{"href":"https:\/\/www.la-avocat.fr\/index.php\/wp-json\/wp\/v2\/media?parent=119"}],"curies":[{"name":"wp","href":"https:\/\/api.w.org\/{rel}","templated":true}]}}

Actualités

<p class="has-text-align-center"><strong>RESPONSABILITES ET ECONOMIE CIRCULAIRE DANS UN PROJET SCENOGRAPHIQUE</strong></p>



<p>Le 25 septembre 2023, Laure Abramowitch a eu le plaisir d&rsquo;intervenir au 2ème atelier organisé par l&rsquo;<a href="https://augures-lab-scenogrrrraphie.notion.site/Pr-sentation-5f47d3a0594c48d1aec4e838d850edeb">Augures Lab Scénogrrrraphie</a> et <a href="https://www.theatredelaquarium.net/presentation/la-vie-breve-au-theatre-de-l-aquarium">La vie brève &#8211; Théâtre de l&rsquo;Aquarium</a> sur la problématique des&nbsp;responsabilités liées à l’intégration d’éléments et de matériaux en économie circulaire dans un projet scénographique.</p>



<p>Après plusieurs mois de travail collaboratif, sur ces sujets complexes et en pleine mutation, nous avons présenté les premiers résultats de nos réflexions, avec Quentin Rioual, metteur en scène, Olivia Berthon, scénographe et co-fondatrice du <a href="https://www.studiovaste.com/">studio vaste</a> et du collectif les Rad!cales, Sylvie Bétard, éco-conseillère et formatrice en économie circulaire et transition écologique, co-fondatrice de l&rsquo;Augures Lab Scénogrrrraphie, Yann Domenge, Directeur général d’<a href="https://www.artstockasso.fr/">Artstock</a>, et Gaëlle Kikteff, consultante et formatrice en économie circulaire et design.</p>



<p>© Photos Béryl Libault pour Les Augures</p>



<figure class="wp-block-gallery has-nested-images columns-default is-cropped wp-block-gallery-1 is-layout-flex wp-block-gallery-is-layout-flex">
<figure class="wp-block-image size-large"><img loading="lazy" decoding="async" width="1024" height="683" data-id="146" src="http://www.la-avocat.fr/wp-content/uploads/2023/10/DSC_9163-BD©-Beryl-Libault-Augures-Lab-Scenogrrrraphie-1024x683.jpg" alt="" class="wp-image-146" srcset="https://www.la-avocat.fr/wp-content/uploads/2023/10/DSC_9163-BD©-Beryl-Libault-Augures-Lab-Scenogrrrraphie-1024x683.jpg 1024w, https://www.la-avocat.fr/wp-content/uploads/2023/10/DSC_9163-BD©-Beryl-Libault-Augures-Lab-Scenogrrrraphie-300x200.jpg 300w, https://www.la-avocat.fr/wp-content/uploads/2023/10/DSC_9163-BD©-Beryl-Libault-Augures-Lab-Scenogrrrraphie-768x512.jpg 768w, https://www.la-avocat.fr/wp-content/uploads/2023/10/DSC_9163-BD©-Beryl-Libault-Augures-Lab-Scenogrrrraphie-1536x1024.jpg 1536w, https://www.la-avocat.fr/wp-content/uploads/2023/10/DSC_9163-BD©-Beryl-Libault-Augures-Lab-Scenogrrrraphie-2048x1365.jpg 2048w, https://www.la-avocat.fr/wp-content/uploads/2023/10/DSC_9163-BD©-Beryl-Libault-Augures-Lab-Scenogrrrraphie-1200x800.jpg 1200w, https://www.la-avocat.fr/wp-content/uploads/2023/10/DSC_9163-BD©-Beryl-Libault-Augures-Lab-Scenogrrrraphie-1980x1320.jpg 1980w" sizes="auto, (max-width: 1024px) 100vw, 1024px" /></figure>
</figure>



<figure class="wp-block-gallery has-nested-images columns-default is-cropped wp-block-gallery-2 is-layout-flex wp-block-gallery-is-layout-flex">
<figure class="wp-block-image size-large"><img loading="lazy" decoding="async" width="1024" height="683" data-id="149" src="http://www.la-avocat.fr/wp-content/uploads/2023/10/DSC_8520-BD©-Beryl-Libault-Augures-Lab-Scenogrrrraphie-1024x683.jpg" alt="" class="wp-image-149" srcset="https://www.la-avocat.fr/wp-content/uploads/2023/10/DSC_8520-BD©-Beryl-Libault-Augures-Lab-Scenogrrrraphie-1024x683.jpg 1024w, https://www.la-avocat.fr/wp-content/uploads/2023/10/DSC_8520-BD©-Beryl-Libault-Augures-Lab-Scenogrrrraphie-300x200.jpg 300w, https://www.la-avocat.fr/wp-content/uploads/2023/10/DSC_8520-BD©-Beryl-Libault-Augures-Lab-Scenogrrrraphie-768x512.jpg 768w, https://www.la-avocat.fr/wp-content/uploads/2023/10/DSC_8520-BD©-Beryl-Libault-Augures-Lab-Scenogrrrraphie-1536x1024.jpg 1536w, https://www.la-avocat.fr/wp-content/uploads/2023/10/DSC_8520-BD©-Beryl-Libault-Augures-Lab-Scenogrrrraphie-2048x1365.jpg 2048w, https://www.la-avocat.fr/wp-content/uploads/2023/10/DSC_8520-BD©-Beryl-Libault-Augures-Lab-Scenogrrrraphie-1200x800.jpg 1200w, https://www.la-avocat.fr/wp-content/uploads/2023/10/DSC_8520-BD©-Beryl-Libault-Augures-Lab-Scenogrrrraphie-1980x1320.jpg 1980w" sizes="auto, (max-width: 1024px) 100vw, 1024px" /></figure>
</figure>

<p>RESPONSABILITES ET ECONOMIE CIRCULAIRE DANS UN PROJET SCENOGRAPHIQUE Le 25 septembre 2023, Laure Abramowitch a eu le plaisir d&rsquo;intervenir au 2ème atelier organisé par l&rsquo;Augures Lab Scénogrrrraphie et La vie brève &#8211; Théâtre de l&rsquo;Aquarium sur la problématique des&nbsp;responsabilités liées à l’intégration d’éléments et de matériaux en économie circulaire dans un projet scénographique. Après plusieurs [&hellip;]</p>
